((-35)/10 + 3)?
12
Suppose 0*m + 4*m - 8 = 0. Suppose m*l = 2*s + 18, -5*l + 25 = -2*l - 5*s. What is the remainder when l/(-1 - 4/(-3)) is divided by 16?
14
Let j be (-4)/(-26) + (-400)/(-104). Suppose 3*x - 202 = -j. What is the remainder when x is divided by 17?
15
Suppose 149 + 171 = 5*r. Suppose -3*d + r = d. Suppose -4*k = -5*m + 18, k - 15 = -m - 2*k. What is the remainder when d is divided by m?
4
What is the remainder when 61 is divided by (-12)/(-5)*300/45?
13
Suppose 3*w - 45 = -2*w. Suppose 0 = -4*l + 3*x + 85, l + 4*x - 70 = -l. Calculate the remainder when l is divided by w.
7
Let z be ((-1410)/(-18))/(2/6). Let p = -167 + z. What is the remainder when p is divided by 23?
22
Suppose 2*j - 6*j + 20 = 4*o, 4*o - 2*j + 10 = 0. Suppose 3*u - t - 32 = o, 4*u - t = t + 40. Calculate the remainder when 23 is divided by u.
11
Let f = 7 - 7. Let g = f - -1. Let n = 16 + g. What is the remainder when 31 is divided by n?
14
Let k(d) = d**2 - 2*d - 13. Let p be k(10). Suppose -2*b + 85 + p = 0. What is the remainder when b is divided by 11?
10
Suppose 0 = 3*p + 2 - 11. Suppose 0 = -2*s + 3*u + 101, 2*s + s = -p*u + 174. What is the remainder when s is divided by 19?
17
Suppose -15 = -3*l, l = -5*b + 3 + 32. Let p(z) = -z**3 + 6*z**2 + 3. What is the remainder when p(b) is divided by 3?
0
Let o be 2/(-4)*10/(-1). Suppose -2*g + 63 = -o. Calculate the remainder when g is divided by 18.
16
Suppose p + 7 = 5*w, 0 = 2*w - p + 2*p - 7. Suppose 0 = -0*s + w*s - 18. Suppose 0 = -3*m - 4 + 19. Calculate the remainder when s is divided by m.
4
Let k(n) = -n - 4. Let o be k(-10). What is the remainder when 6 is divided by -3*3/o*-2?
0
Let d = 6 - 41. Let y = d - -54. What is the remainder when 55 is divided by y?
17
Let q(t) = 27*t - 2. Calculate the remainder when q(1) is divided by 7.
4
Suppose j - 24 = -22. Suppose j*b - 3 = b. What is the remainder when 4 is divided by b?
1
Calculate the remainder when ((-3)/(-18)*-2)/(2/(-582)) is divided by 33.
31
Let s = -38 + 44. What is the remainder when 24 is divided by s?
0
Suppose 4*a = 0, -5*a + 4*a = -b + 183. What is the remainder when b is divided by 37?
35
Let v(b) = 2*b + 1. Suppose 0 = -4*s + 4*k + 16, -2*s + 5*k + 4 = -1. Calculate the remainder when v(6) is divided by s.
3
Suppose -3*o - 12 = -90. Suppose 3*i + o = 5*i. What is the remainder when 62 is divided by i?
10
Let m be 4/(-14) + 23/7. Suppose -m*d + 2*d + 10 = i, -5*i + 85 = -2*d. What is the remainder when i is divided by 9?
6
Let t be (-2)/(-4)*2 + 0. Suppose t = -h + 24. What is the remainder when h is divided by 12?
11
Let v(w) = 106*w**2. Let y be v(-1). Suppose -4*z + 1 = -11. Suppose 45 = o + q, -z*o + 3*q + y + 35 = 0. Calculate the remainder when o is divided by 16.
14
Suppose 0 = -5*w + 34 + 146. What is the remainder when 70 is divided by w?
34
Let v be 1*-8*1/(-2). Let o(a) = a**3 - a**2 - 2*a + 1. Calculate the remainder when o(v) is divided by 14.
13
Let i = 2 - -1. Let q = 96 + -59. What is the remainder when q is divided by 2/(i*2/39)?
11
Let s(q) = q**3 - 8*q**2 - 7*q + 1. Suppose 0 = -2*j - 2*j + 28. What is the remainder when s(9) is divided by j?
5
Calculate the remainder when 113 is divided by 27 + 0 + (-3 - -5).
26
Suppose -2*i = 2*i - 32. Let d = 3 + -18. Let q = 28 + d. What is the remainder when q is divided by i?
5
Suppose g - 63 = -5*o, -4*o + 51 = 5*g - 4*g. What is the remainder when o is divided by 5?
2
Let w(j) = j**3 - 5*j**2 - 2. Let c be w(5). Let l(k) be the second derivative of -2*k**3/3 + k**2 - 5*k. What is the remainder when l(c) is divided by 6?
4
Let c = -17 + 5. Calculate the remainder when (c/(-18))/(2/54) is divided by 7.
4
Let g(i) = i**3 - 8*i**2 - 5. Suppose -k + 3 + 2 = 0. Suppose 1 + 1 = -2*z, -z + 129 = k*f. What is the remainder when g(9) is divided by f?
24
Suppose 132 = 3*r - 0*r. Calculate the remainder when r is divided by 15.
14
Let k be 82/(-4) - (-2)/(-4). Suppose -1 = -j - 3. Let u = j - k. Calculate the remainder when u is divided by 10.
9
Let k(c) = 3*c**2 - 2*c + 3. Suppose -x = -4*z - 0 - 12, 2*z = -x. Let q be k(x). Suppose -4*r + q + 9 = 0. Calculate the remainder when 50 is divided by r.
11
Let w = -96 - -111. Suppose -j + 6*j = -4*v - 1, -v - 3*j = 9. Calculate the remainder when w is divided by v.
3
Let j(l) = -2*l - 7. Let o be j(-7). Suppose 0 = o*s - 10*s + 114. Calculate the remainder when s is divided by 10.
8
Let l(f) = -19*f. Calculate the remainder when 86 is divided by l(-1).
10
Suppose 7*w = 23 + 12. What is the remainder when 6 is divided by w?
1
Let b(v) = v - 7. Let k be b(13). Let x(o) = -o + 8. Let d be x(6). Let a = k - d. Calculate the remainder when 6 is divided by a.
2
Let y(g) = 2*g**3 + 22*g**2 - g + 11. What is the remainder when 85 is divided by y(-11)?
19
Let u(g) = -15*g + 1. What is the remainder when u(-2) is divided by 17?
14
Suppose 0 = 3*z - g + 103 + 160, -5*z - 441 = g. Let r = z + 171. Calculate the remainder when r is divided by 21.
20
Let z(k) = 2 + 5 + k - 1. Let h be z(-6). Suppose 2*l - 4*b - 40 = 0, h = -5*l - 4*b + 2*b + 88. What is the remainder when 52 is divided by l?
16
Suppose -2*s = 4*l + s + 45, 5*s = -3*l - 20. Let o = 34 + l. What is the remainder when o is divided by 5?
4
Suppose -31*a + 200 = 45. Let n be (15/(-2))/((-1)/2). Let u = n - 3. What is the remainder when u is divided by a?
2
Suppose 2*a + 9 = -v - 2*a, 0 = -4*v + 2*a + 18. Calculate the remainder when 28 is divided by v.
1
Let b(l) = l**2 - 3*l - 4. Let s be b(5). Suppose s*q = 3*q + 6. Calculate the remainder when q is divided by (0 + 0)/(-1) - -1.
0
Calculate the remainder when (-1)/(411/2574 - 3/18) is divided by 29.
27
Suppose a - w + 550 = 4*a, 4*a - w = 724. Calculate the remainder when a is divided by 46.
44
Suppose -p = 2*f + 6, -p + 4*f + 14 = 2*f. Suppose -3*k = -4*a + 8, 0*k - 3*k = 0. Calculate the remainder when p is divided by a.
0
Suppose 2*v + 2*v + 8 = 0, 3*v = 2*q. Let z(o) = o**2 + 6*o - 4. Let y be z(-6). Calculate the remainder when 21 is divided by (11/q)/(y/12).
10
Let d = 19 + -5. Let l(o) be the third derivative of o**4/24 + o**3/2 - 2*o**2. What is the remainder when d is divided by l(5)?
6
Let o be (62*-1)/(-6 - -4). Let u = 57 - o. Calculate the remainder when u is divided by 9.
8
Let v = -123 - -179. What is the remainder when v is divided by 15?
11
Suppose -2*t + 102 = q + t, -q + 94 = t. Suppose 3*j + q = 8*j. Suppose 10 + 6 = 2*i + 4*m, 0 = 2*i + 3*m - 17. Calculate the remainder when j is divided by i.
8
Let h(d) = -d**2 + 3*d + 6. Let x be h(-2). Calculate the remainder when (8 + x)*(-25)/(-2) is divided by -1*3/((-6)/26).
11
Let z(v) = v**3 + 10*v**2 + 9*v + 5. Suppose -5*r + 9 = -6*r. What is the remainder when 7 is divided by z(r)?
2
Let v(f) = f**3 - 12*f**2 + 2*f - 7. Suppose -4*s - s - 4 = -4*z, 3*z - 4*s = 2. What is the remainder when v(12) is divided by z?
5
Let o(q) = -q**2 - 6*q - 2. Let u be o(-5). Suppose -t - u*j = -14 + 6, t - 4 = j. What is the remainder when 14 is divided by t?
4
Let u = -23 - -48. Calculate the remainder when u is divided by 14.
11
Let o(a) be the first derivative of 11*a**2/2 + a - 1. Suppose 18 = 2*t - 4*u, 2*t - 35*u - 33 = -34*u. What is the remainder when o(5) is divided by t?
18
Suppose 8*s - 132 = 4*s. Suppose 0 = d - 0*d - s. Calculate the remainder when d is divided by 12.
9
Suppose 0 = -2*p + p. Suppose 89 + 11 = 5*k. Suppose 5*t - k = 0, p*w + 57 = 5*w - 2*t. Calculate the remainder when 25 is divided by w.
12
Suppose -11 = -o + 2*n, -3*o + 5*n + 10 = -22. Calculate the remainder when 15 is divided by o.
6
Let g(o) = 2*o**2 - 4*o - 8. Calculate the remainder when g(5) is divided by 8.
6
Let w = 32 + -29. Calculate the remainder when 11 is divided by w.
2
Let b(r) = r**2 - 1. Let w be b(3). Let k(p) = 2*p - 4. What is the remainder when 35 is divided by k(w)?
11
Let i(t) = 4*t**2 + 17*t - 22. Let g(n) = -n**2 - 6*n + 7. Let q(y) = -7*g(y) - 2*i(y). What is the remainder when 19 is divided by q(5)?
9
Suppose -6*g + 7 = -5. Let o(m) = m**2 + 10*m - 9. What is the remainder when g is divided by o(-11)?
0
Let p(a) = a + 2. Let i(u) = -u**3 - 6*u**2 + 6*u - 3. Let l be i(-7). Suppose -5*m + l*m + 6 = 0. Calculate the remainder when 22 is divided by p(m).
6
Suppose 0*n + 16 = -2*n. W